 66 = 0. Suppose -4*i + 52 = f. What are the prime factors of i?
2
Let s be 95 + -4 + 4 + -1. Let b = s - 53. What are the prime factors of b?
41
Let p = 27 - 9. List the prime factors of p/(2/(-2)*-2).
3
Let m be (2/3)/((-2)/(-6)). Suppose -3*l + 5*b = -43, 4*l - 46 = -m*b + 3*b. List the prime factors of l.
11
Let a = 81 + -28. What are the prime factors of a?
53
Suppose 4*m = 9*m - 380. What are the prime factors of m?
2, 19
Suppose -3*b - 5*o + 157 + 3 = 0, -5*b - 3*o + 272 = 0. List the prime factors of b.
5, 11
List the prime factors of (-1 + (-18)/(-4))*2.
7
Let p(q) = 4*q**2 + 2*q - 2. What are the prime factors of p(4)?
2, 5, 7
Let j = 2 - -3. Suppose -134 = -4*t + t - j*d, 210 = 5*t - 5*d. Suppose -22 = -5*f + t. List the prime factors of f.
13
List the prime factors of (-1 - (-4 - -4))*-37.
37
Suppose -475 - 113 = -4*t. List the prime factors of t.
3, 7
What are the prime factors of (1 - -3)/((-4)/(-38))?
2, 19
Let l = -3 - -5. Suppose 0*u - 14 = l*u. Let n = u + 19. What are the prime factors of n?
2, 3
Suppose 7*g - 576 = -2*g. List the prime factors of g.
2
Suppose 3*l + v = 5*v - 10, -2*v + 10 = -4*l. Let u be l*1 - (0 + 2). List the prime factors of (-5)/(-2) - u/8.
3
Suppose 5*k - 140 = -5*x, -2*x - 4*k - 7 + 67 = 0. What are the prime factors of x?
2, 13
Suppose 4*q + 43 = 5*q. Let z = 25 - q. What are the prime factors of (-176)/z - (-6)/27?
2, 5
Let z = -4 + 7. Let a(h) = 4*h - 1. Let p be a(z). Suppose -p = 4*s - 75. What are the prime factors of s?
2
Let v = 260 + -89. List the prime factors of v.
3, 19
Let y be ((-6)/4)/((-3)/4). Suppose t = 2*u + 6 - 3, 0 = t + y*u + 1. Suppose 0 = -5*s + 14 + t. What are the prime factors of s?
3
Suppose -4*w = w - 155. What are the prime factors of w?
31
Suppose -3*i = -6*i. Suppose -2*v - 3*v + 90 = i. What are the prime factors of v?
2, 3
Let y(b) = b**3 - b**2 - 7*b + 12. What are the prime factors of y(5)?
7, 11
Let n(o) = 1 + 13*o**2 - 2 - 14*o**2 + 11*o. List the prime factors of n(9).
17
Suppose -3*u - y + 20 = 0, -4*u + 35 = 3*y - 0. Let c(v) = 1 + 3 - u + 2*v**2 - v. What are the prime factors of c(-1)?
2
Let i(g) = -g**2 + 13*g - 1. Let a(l) = l**3 - 4*l**2 - 4*l + 4. Let r be a(5). List the prime factors of i(r).
5, 7
Let i = 68 - 48. Let d = 106 + 109. What are the prime factors of 1/4 + d/i?
11
Let x(r) = 7*r + 1. Let y be x(-1). Let s = y + 10. Suppose 18 = s*a - a. What are the prime factors of a?
2, 3
Suppose y + 5*r - 29 = -0, 0 = 2*y - 5*r - 58. Let i = y - 17. What are the prime factors of i?
2, 3
Let a(o) be the second derivative of o**3/6 + 3*o**2/2 - 3*o. Let b be a(-7). Let h = 9 + b. List the prime factors of h.
5
Let a = -21 + 13. Let i(w) = -2*w**2 + w + 4. Let r be i(-8). List the prime factors of 4/6*r/a.
11
Let p(c) = -7*c - 33. What are the prime factors of p(-10)?
37
Suppose 5*o - 80 = -0*o. Suppose -4*s + 4*l = -o - 0, -3*l = 3*s - 42. What are the prime factors of s?
3
Let z(u) = 3*u - 13. What are the prime factors of z(15)?
2
Let q = -40 + 57. List the prime factors of q.
17
Let r(c) = -c**2 + 7*c + 1. Let y be r(8). Let v(d) = -d - 3. Let a be v(y). Suppose 4*h - 2*n - 16 = 2*n, 0 = -2*n + a. What are the prime factors of h?
2, 3
Suppose -3*y = b - 4*y + 46, -176 = 4*b + 4*y. Let s be b/(-12) - 3/(-12). Suppose s = f - 7. List the prime factors of f.
11
Let j(n) = 3*n**3 + 12*n**2 - 6*n - 5. Let u(z) = -z**3 - 4*z**2 + 2*z + 2. Let a(k) = -4*j(k) - 11*u(k). List the prime factors of a(-5).
13
Suppose 5*w = 4*w + 4*o + 318, 2*o = -8. List the prime factors of w.
2, 151
Suppose -4*a + 8 = -4*g + 2*g, 0 = 2*a + g - 12. Suppose 5*f = f. Suppose f = 3*q - 16 + a. List the prime factors of q.
2
Let o = -10 + 13. Suppose o*t + 9 = g + 2*g, 0 = -g + 5*t - 13. What are the prime factors of g?
7
Let j = 8 - 11. Let r be -1 - 9/j - -60. Suppose a = 5*y - 0*a - r, -4*y + 3*a = -54. What are the prime factors of y?
2, 3
Suppose -2*p + 122 + 190 = 0. What are the prime factors of p?
2, 3, 13
Let x(d) = -d + 16. List the prime factors of x(7).
3
Let y be (-4)/4*-3 - 6. Let w(g) = g**3 + 4*g**2 - 2*g + 4. What are the prime factors of w(y)?
19
Let k = 15 - -59. What are the prime factors of (-6)/(-9) - k/(-6)?
13
Suppose -5*i - 5*c = -205, 5*i + 2*c = 3*c + 211. What are the prime factors of i?
2, 3, 7
Let r(i) = i**3 + 4*i**2 - 4*i - 3. Let c be r(-5). Let z = 12 + c. Suppose 0*y - j + 33 = 4*y, -37 = -z*y - 5*j. List the prime factors of y.
2
Let k(a) be the third derivative of -5*a**4/6 - a**3/6 + a**2. Suppose 6*t - 5 = 11*t. What are the prime factors of k(t)?
19
Suppose -3*l + 10 = 2*l. Suppose -5 = -l*t + 9. List the prime factors of t.
7
Let b be (-1)/1*1 - -5. Suppose b*r = -r + 105. What are the prime factors of r?
3, 7
Let v be 1/((-3)/(6*-9)). Suppose 2 = -2*c, -4*c + 6*c = -4*r + v. Suppose 21 = -2*l + r*d, 2*l - 3*l + 17 = 3*d. List the prime factors of l.
2
Let a(t) be the third derivative of t**5/60 + t**4/12 + t**3/6 - t**2. Let i be a(-3). Suppose i*l = 5*s - 3, 7*l - 2*l + 3*s = 24. List the prime factors of l.
3
Suppose -10 = -8*m + 3*m. Suppose 1 = r, -2*l - 5*r = -4*l + 75. Suppose -m*a + 6*a - l = 0. What are the prime factors of a?
2, 5
Suppose -11 - 81 = -4*m. Let a be (5 + -3)*2*2. Let d = m - a. What are the prime factors of d?
3, 5
What are the prime factors of 3 - (-2)/(-6)*0?
3
Let f = 18 + -15. What are the prime factors of f?
3
Let x = -21 + 13. Let w be x - 3 - (3 + 0). What are the prime factors of 264/42 - (-4)/w?
2, 3
Suppose 5*t = 2*s - 1, 4*s - 4 = 2*t + 6. Suppose 1 + 20 = -s*v. Let u = 0 - v. List the prime factors of u.
7
List the prime factors of 8/(-10) + -3 + (-195)/(-25).
2
What are the prime factors of (-28)/8*(-73 + 1)?
2, 3, 7
Suppose 326 - 2716 = -10*p. List the prime factors of p.
239
Suppose -17 = -2*n - 2*n - 3*d, 0 = -3*n - 3*d + 15. Let k be (-2 + n + -1)/1. List the prime factors of 0/2 - -1 - k.
2
Let a be -2 + (-2 + -1)/(-3). Suppose 3*h = 4*h + 4. What are the prime factors of 14/h*(a - 1)?
7
Let s(c) = c**2 + c + 3. What are the prime factors of s(-8)?
59
Suppose 142 = 4*a - 3*a. List the prime factors of a.
2, 71
Suppose 2*x - 4*x = -20. List the prime factors of (4 - 4) + x + -3.
7
Let y = -36 - -69. Let o(p) = 3*p**3 - 2*p**2 + 2*p - 3. Let h be o(2). Suppose 0 = -5*s - 5*i + y + h, -4*s + 2*i = -10. List the prime factors of s.
5
Let m = -48 + 85. Suppose f = 5*a - m, -6*f = -a - f + 17. List the prime factors of a.
7
Suppose -71 = -2*z - z + 2*s, 0 = 3*z - 3*s - 69. Let a be ((-21)/12)/(1/(-4)). Suppose a*c - z = 2*c. List the prime factors of c.
5
Suppose -2*a - 1 + 3 = 0. Let o be a/4 + 57/12. Suppose -3 = -3*s - 3*u, o*s - 14 - 7 = 3*u. List the prime factors of s.
3
Let l(z) = -z**2 + 2. Let b(u) = 2*u - 1. Let c be b(-1). Let r be l(c). Let a = r + 16. List the prime factors of a.
3
Let v = 4 - -2. Suppose -15 = -5*r + n, 5*r + 2*n + v = 3*r. What are the prime factors of r?
2
What are the prime factors of -7 + 4 + (41 - -1)?
3, 13
Suppose 0 = 12*q - 2*q - 1410. List the prime factors of q.
3, 47
Let b = -45 + 81. Let r be (1 - 2)/(4/b). Let h = r - -25. List the prime factors of h.
2
Suppose 685 = 7*m + 209. What are the prime factors of m?
2, 17
Suppose -4 = -2*h + 2. Suppose 0 = d - h*d + 26. What are the prime factors of d?
13
Suppose -l = -118 - 70. List the prime factors of l.
2, 47
List the prime factors of ((-564)/(-16))/((-12)/(-16)).
47
Let x be (-4 + 11)*6/(-7). Let k = x + 12. List the prime factors of k.
2, 3
Suppose o - 77 = -4*o - 3*l, -2*l - 18 = -2*o. Suppose -11 = -3*j + o. What are the prime factors of j?
2
Let f(u) = -7*u - 12. Let y be f(-8). Let a = 82 - y. What are the prime factors of a?
2, 19
Suppose 10*x = 5*x + 35. Let q = 14 - x. List the prime factors of q.
7
Let i = 241 - 86. What are the prime factors of i?
5, 31
Let n(q) = -q**2 - 4*q + 7. Let h be n(-6). List the prime factors of (-8)/(-5) - 2/h.
2
Let c(r) = r**3 - 1. Let v(b) = 5*b**3 - 3*b**2 + b - 2. Let l(t) = -4*c(t) + v(t). What are the prime factors of l(3)?
5
Let c(u) = u**3 + 4*u**2 - 7*u + 2. Let s be c(-5). Suppose -2*o + s = o. Suppose -o*w = -35 - 1. List the prime factors of w.
3
Let b(t) = -2*t + 12. What are the prime factors of b(-13)?
2, 19
Suppose 3*v + 3 = 9. Let n be 4*v/((-24)/(-135)). L